 4 + -1 + -15. Let j = y + 15. Calculate the remainder when 67 is divided by j*(-69 + 1)/4.
16
Let j(l) = -l**2 - 19*l + 33. What is the remainder when 62 is divided by j(-19)?
29
Let o = 41 - 61. Let g = -13 + 3. Let t = g - o. What is the remainder when t is divided by 6?
4
Suppose 0*v - 4*v = -2*c + 108, -2*c + 3*v = -105. Suppose -b + c = 4*f, 3*f + 8 + 12 = b. Let m = 66 - b. What is the remainder when m is divided by 18?
16
Let w(l) = -l**3 + l + 27. Let r be w(0). Let d be (-2)/(-9) - (-129)/r. Suppose 0 = d*m - 0*m - 180. What is the remainder when 71 is divided by m?
35
Let w = -5 + 4. Let f be (w + -4 + 1)/(-2). Suppose -107 = -f*v + 67. Calculate the remainder when v is divided by 22.
21
Suppose -v + 3*v = -5*u - 194, u + 304 = -3*v. Let f = 199 + v. What is the remainder when f is divided by 20?
17
Suppose w = -n + 14, n - 63 + 87 = w. Calculate the remainder when 92 is divided by w.
16
Let x(v) = 2*v + 52. Calculate the remainder when 579 is divided by x(3).
57
Let q = -111 - -211. Suppose -6*b + 2*m - q = -2*b, -4*b - 4*m - 100 = 0. Calculate the remainder when 76 is divided by 9/3 - b - 2.
24
Suppose 9*k - 3*k = 24. Suppose -3*n = o - k*n - 20, 3*o - 2*n - 55 = 0. Calculate the remainder when 43 + (2 - 3/1) is divided by o.
12
Let d(v) = 4*v + 1. Calculate the remainder when ((-63)/(-18) - 5)*184/(-6) is divided by d(3).
7
Suppose 0 = f + 2*j + 3 + 6, 0 = 4*f - 3*j + 3. Let t = f + 9. Suppose 8*m - t*m - 82 = 0. Calculate the remainder when m is divided by 21.
20
Suppose x - 2*i - 27 = 0, -142 + 7 = -5*x + 4*i. What is the remainder when 422 is divided by x?
17
Let c(v) = 3*v**2 - 7*v + 1. Calculate the remainder when c(7) is divided by ((-34)/3)/(1/(-3)).
31
Suppose -29*m + 21*m = -648. What is the remainder when m is divided by 14?
11
Let n = 319 + -228. Let a = -17 - -40. Calculate the remainder when n is divided by a.
22
Suppose -u - 680 = -6*u. Let v = -728 + 775. What is the remainder when u is divided by v?
42
Let p(a) = a**3 - a**2 + 18. Suppose 2*s = -4*t + t - 12, 3*s - 5*t = 20. What is the remainder when p(s) is divided by 35 - 24 - (3 - 3)?
7
Suppose 0 = y + 3*y + 2*v - 352, -4*y + 5*v = -338. What is the remainder when y is divided by 19?
11
Let p = -164 - -185. Calculate the remainder when 55 is divided by p.
13
Suppose -11*a + 2*q + 1434 = -9*a, -2*a + q = -1434. Calculate the remainder when a is divided by 72.
69
Let t be ((-6)/(-21))/((-6)/7 - -1). What is the remainder when 9 is divided by t + (4/(-7))/(2/(-14))?
3
Let t(g) = -4*g - 18. Suppose -14 - 7 = 3*d. Calculate the remainder when 48 is divided by t(d).
8
Let l = 30 - 28. Suppose l = -r + 8. What is the remainder when 28 is divided by r?
4
Let y(c) = -4*c + 33. Let f be y(6). Suppose 7 - 313 = -f*g. Let d(b) = 19*b**3 - b**2 - b + 1. What is the remainder when g is divided by d(1)?
16
Let c(u) = -2*u - 9. Let x be c(-6). Suppose -x*n = 4*p + 508, -2*p - n = 79 + 173. What is the remainder when p/(-2) + (1 - 4) is divided by 20?
19
Let t = 606 + -587. Calculate the remainder when 49 is divided by t.
11
Let m(j) = -23*j - 30*j + 52*j + 15 + 8*j**2 - j**3. Calculate the remainder when m(7) is divided by 12.
9
Suppose 0 = r + 4*r - 50. Suppose 5*h - 377 = -42. Calculate the remainder when h is divided by (299/(-65))/((-2)/r).
21
Suppose 185*s = 189*s - 64. What is the remainder when 572 is divided by s?
12
Let q = -199 + 222. Let i(u) = -3*u + 8*u - 8 + 2*u**2 + 4*u**2 - 5*u**2. Calculate the remainder when q is divided by i(-7).
5
Let z = -969 - -987. What is the remainder when 172 is divided by z?
10
Let r be -12*4/(-30)*135. Let z = r + -20. Suppose -3*k + 65 = 2*w - 59, 0 = 5*k - 2*w - z. Calculate the remainder when k is divided by 14.
12
Calculate the remainder when 50 is divided by 350/(-100)*18/(-7).
5
Let w(y) = 52*y**3 + y**2 - 5*y + 3. Suppose -3*c + 11 = -x, 2*x + x + 5 = 2*c. What is the remainder when w(x) is divided by 13?
12
Suppose 10*y - 273 = 37. Let i = y + -22. Calculate the remainder when 9 is divided by i.
0
Suppose -3392 - 1718 = -7*g. Suppose -4*y = -4*s + 576, 3*y + g = 5*s - 0*y. Calculate the remainder when s is divided by 30.
29
What is the remainder when -1*4/4*(-507 + -3) is divided by 32?
30
Let o = 514 + -464. Calculate the remainder when o is divided by 22.
6
Let v = -16 - -217. What is the remainder when v is divided by 41?
37
Let w(u) = u + 9. Suppose 2*i = -2*i. Suppose -4*q + 110 = q + 3*o, -4*o + 30 = 2*q. What is the remainder when q is divided by w(i)?
7
Let d = 35 - 25. Let w(o) = o**3 + 5*o**2 - 2*o - 7. Calculate the remainder when d is divided by w(-5).
1
Suppose -16*x + 13*x + 69 = 0. What is the remainder when 66 is divided by x?
20
Suppose -u + 1531 - 168 = 3*n, -20 = 4*u. Suppose n = f + 5*f. Let t = 23 + -7. Calculate the remainder when f is divided by t.
12
Let d(o) = -o**3 - 62*o**2 + 64*o + 88. Calculate the remainder when 973 is divided by d(-63).
23
Let z(x) = x**3 - 7*x**2 + 3*x + 8. Let u be z(8). Suppose -3*d + 7*d - u = 0. What is the remainder when 8/6*423/6 is divided by d?
22
Let n be (18*3/3)/(-2). What is the remainder when n*(4/(-6) - 1) is divided by 4?
3
Suppose -2*a + a = 5*v - 217, -5*a + 3*v = -945. What is the remainder when a is divided by 70?
52
Suppose 5*h - 1930 = -5*s, -3*s + 4*h - h + 1128 = 0. Calculate the remainder when s is divided by 64.
61
Let z = 21 + -21. Suppose -2*b + 34 = -z*b. What is the remainder when (-772)/(-12) + (-6)/(-9) is divided by b?
14
Let s = 0 + 5. Suppose -27 = -5*w + 8. Calculate the remainder when w is divided by s.
2
Let s = -69 + 36. Calculate the remainder when 5 is divided by (-126)/s + 12/66.
1
Suppose 0 = -5*q + 3*y + 2 - 7, q = -2*y + 12. Suppose 3*s + 18 - 84 = 3*l, 4*s - 64 = -q*l. Calculate the remainder when 71 is divided by s.
17
Suppose -5*w + 4*d = -17, w + 3*d + 11 = -d. Suppose 3*s - 35 - 116 = 2*f, 4*f = -3*s - 275. What is the remainder when w*(1 + 2) - f is divided by 25?
24
Let l be ((-168)/10)/((48/30)/(-8)). Suppose -4*b + l = -b. Let q = 158 - 105. Calculate the remainder when q is divided by b.
25
Let c = 512 - 146. Suppose -y - 4*i + 0*i + 137 = 0, -3*y + 3*i + c = 0. Suppose -4*u = -y - 95. Calculate the remainder when u is divided by 14.
13
Let o(u) = -7*u - 19. Calculate the remainder when 44 is divided by o(-5).
12
Let k = 5 + -2. Suppose -3*v = -k*o - 2 + 5, 3*o = -4*v - 18. Calculate the remainder when (-438)/(-9) - (-2)/v is divided by 17.
14
Suppose -18*j - 47 = -19*j - x, j + 5*x - 43 = 0. What is the remainder when j is divided by 41?
7
Suppose -4*j + 23 = q, 0 = 5*q + 5*j - 21 - 19. Suppose n + q*v = 56, -n - 7*v + 3*v = -60. What is the remainder when 174 is divided by n?
42
Let i(k) = 3*k**2 + 9*k + 9. Suppose 112 = -2*n - 5*m + 131, -2*n - 4*m + 24 = 0. Calculate the remainder when i(-5) is divided by n.
17
Let t(h) = 2*h**3 + 74*h**2 - 3*h - 17. What is the remainder when t(-37) is divided by 6?
4
Let u be (4 - 2) + 0 - -1. Suppose -2*s = u*c - 2, 0*c - 4*s = -2*c - 4. Suppose c = -5*r - 2*h, h = -4*h - 25. What is the remainder when 6 is divided by r?
0
Let s(f) = 9*f - 19. Let w = 3 + 1. Suppose -2*y - 3*y = 2*t - 42, w*t = -16. Calculate the remainder when s(4) is divided by y.
7
Suppose 4*h = -5*k + 178, 3*k - 5*h + 99 = 6*k. Let d = 0 - -16. Calculate the remainder when k is divided by d.
6
Suppose 5*f - 2*r + 7*r - 55 = 0, 5*r + 50 = 2*f. Calculate the remainder when 208 is divided by f.
13
Suppose -3*s + 7 + 17 = 0. Calculate the remainder when 15 is divided by s.
7
Let f(i) = i**2 - 6*i - 10. Let q(o) = o**2 - 2*o - 4. What is the remainder when f(8) is divided by q(4)?
2
Let m(t) = 2*t**2 - 11*t - 7. Let w be m(6). Calculate the remainder when w*(-10)/(-35) + (-158)/(-14) is divided by 3.
2
Suppose 3*h + l = 293, 5*h + 3*l - 186 = 3*h. Suppose -2*r + 18 = f, 5*f + 0*r + r - h = 0. Calculate the remainder when f is divided by 7.
6
Suppose -33 = -2*a - 4*z - 15, -2*z = -a + 1. Calculate the remainder when 333 is divided by a.
3
Suppose -8*z + 2*z - 252 = 0. Let o = -29 - z. Calculate the remainder when 19 is divided by o.
6
Let p = 19 + 0. Suppose -4*v - 4*v = -v. Suppose i + 3 - 14 = v. What is the remainder when p is divided by i?
8
Suppose d + 5*j = 133, -4*d + 2*j = -444 + 22. Calculate the remaind